{"id":137,"date":"2020-03-10T07:39:28","date_gmt":"2020-03-10T07:39:28","guid":{"rendered":"http:\/\/www.virapa.fi\/?page_id=137"},"modified":"2022-01-25T12:36:23","modified_gmt":"2022-01-25T12:36:23","slug":"rakennuspalvelut","status":"publish","type":"page","link":"http:\/\/www.virapa.fi\/?page_id=137","title":{"rendered":"Rakennuspalvelut"},"content":{"rendered":"\n<p>Meilt\u00e4 onnistuu niin uudis-, kuin korjausrakentaminen,\nsuoritamme mm. katto-, keitti\u00f6-, sauna-, pesuhuone-, wc-, ja muut huoneistoremontit.\nTeemme my\u00f6s talon salaojakunnostukset ja uusimiset.<\/p>\n\n\n\n<p>My\u00f6s ulkovuorauksen uusimiset, maalaukset sek\u00e4 muut talon tai asunnon ulkopuolen ty\u00f6t mm. rappuset. My\u00f6s ikkunoiden ja ovien vaihtoty\u00f6t.<\/p>\n\n\n\n<figure class=\"wp-block-image\"><img loading=\"lazy\" width=\"1024\" height=\"768\" src=\"http:\/\/www.virapa.fi\/wp-content\/uploads\/2020\/03\/IMG_20190905_1453531-1024x768.jpg\" alt=\"Pihakiveyksen tekoa Iisalmessa, salaojitus remontin j\u00e4lkeen.\" class=\"wp-image-154\" srcset=\"http:\/\/www.virapa.fi\/wp-content\/uploads\/2020\/03\/IMG_20190905_1453531-1024x768.jpg 1024w, http:\/\/www.virapa.fi\/wp-content\/uploads\/2020\/03\/IMG_20190905_1453531-300x225.jpg 300w, http:\/\/www.virapa.fi\/wp-content\/uploads\/2020\/03\/IMG_20190905_1453531-768x576.jpg 768w, http:\/\/www.virapa.fi\/wp-content\/uploads\/2020\/03\/IMG_20190905_1453531-1536x1152.jpg 1536w, http:\/\/www.virapa.fi\/wp-content\/uploads\/2020\/03\/IMG_20190905_1453531-2048x1536.jpg 2048w, http:\/\/www.virapa.fi\/wp-content\/uploads\/2020\/03\/IMG_20190905_1453531-960x720.jpg 960w\" sizes=\"(max-width: 1024px) 100vw, 1024px\" \/><figcaption>Pihakiveyksen tekoa Iisalmessa, salaojitus remontin j\u00e4lkeen.<\/figcaption><\/figure>\n\n\n\n<figure class=\"wp-block-image\"><img loading=\"lazy\" width=\"768\" height=\"1024\" src=\"http:\/\/www.virapa.fi\/wp-content\/uploads\/2020\/03\/IMG_20190828_0918561-768x1024.jpg\" alt=\"Salaojitus remontti k\u00e4ynniss\u00e4 Iisalmessa.\" class=\"wp-image-155\" srcset=\"http:\/\/www.virapa.fi\/wp-content\/uploads\/2020\/03\/IMG_20190828_0918561-768x1024.jpg 768w, http:\/\/www.virapa.fi\/wp-content\/uploads\/2020\/03\/IMG_20190828_0918561-225x300.jpg 225w, http:\/\/www.virapa.fi\/wp-content\/uploads\/2020\/03\/IMG_20190828_0918561-1152x1536.jpg 1152w, http:\/\/www.virapa.fi\/wp-content\/uploads\/2020\/03\/IMG_20190828_0918561-1536x2048.jpg 1536w, http:\/\/www.virapa.fi\/wp-content\/uploads\/2020\/03\/IMG_20190828_0918561-960x1280.jpg 960w, http:\/\/www.virapa.fi\/wp-content\/uploads\/2020\/03\/IMG_20190828_0918561-scaled.jpg 1920w\" sizes=\"(max-width: 768px) 100vw, 768px\" \/><figcaption>Salaojitus remontti k\u00e4ynniss\u00e4 Iisalmessa.<\/figcaption><\/figure>\n\n\n\n<figure class=\"wp-block-image\"><img loading=\"lazy\" width=\"1024\" height=\"768\" src=\"http:\/\/www.virapa.fi\/wp-content\/uploads\/2020\/03\/IMG_20190516_151058-1024x768.jpg\" alt=\"Ulkovuorauksen kunnostusta ja maalausta Sonkaj\u00e4rvell\u00e4.\" class=\"wp-image-157\" srcset=\"http:\/\/www.virapa.fi\/wp-content\/uploads\/2020\/03\/IMG_20190516_151058-1024x768.jpg 1024w, http:\/\/www.virapa.fi\/wp-content\/uploads\/2020\/03\/IMG_20190516_151058-300x225.jpg 300w, http:\/\/www.virapa.fi\/wp-content\/uploads\/2020\/03\/IMG_20190516_151058-768x576.jpg 768w, http:\/\/www.virapa.fi\/wp-content\/uploads\/2020\/03\/IMG_20190516_151058-1536x1152.jpg 1536w, http:\/\/www.virapa.fi\/wp-content\/uploads\/2020\/03\/IMG_20190516_151058-2048x1536.jpg 2048w, http:\/\/www.virapa.fi\/wp-content\/uploads\/2020\/03\/IMG_20190516_151058-960x720.jpg 960w\" sizes=\"(max-width: 1024px) 100vw, 1024px\" \/><figcaption>Ulkovuorauksen kunnostusta ja maalausta Sonkaj\u00e4rvell\u00e4.<\/figcaption><\/figure>\n\n\n\n<figure class=\"wp-block-image\"><img loading=\"lazy\" width=\"1024\" height=\"768\" src=\"http:\/\/www.virapa.fi\/wp-content\/uploads\/2020\/03\/IMG_20190807_140724-1-1024x768.jpg\" alt=\"M\u00f6kki sai uudet kattopellit sek\u00e4 saunanpiipun\" class=\"wp-image-159\" srcset=\"http:\/\/www.virapa.fi\/wp-content\/uploads\/2020\/03\/IMG_20190807_140724-1-1024x768.jpg 1024w, http:\/\/www.virapa.fi\/wp-content\/uploads\/2020\/03\/IMG_20190807_140724-1-300x225.jpg 300w, http:\/\/www.virapa.fi\/wp-content\/uploads\/2020\/03\/IMG_20190807_140724-1-768x576.jpg 768w, http:\/\/www.virapa.fi\/wp-content\/uploads\/2020\/03\/IMG_20190807_140724-1-1536x1152.jpg 1536w, http:\/\/www.virapa.fi\/wp-content\/uploads\/2020\/03\/IMG_20190807_140724-1-2048x1536.jpg 2048w, http:\/\/www.virapa.fi\/wp-content\/uploads\/2020\/03\/IMG_20190807_140724-1-960x720.jpg 960w\" sizes=\"(max-width: 1024px) 100vw, 1024px\" \/><figcaption>M\u00f6kki sai uudet kattopellit sek\u00e4 saunanpiipun<\/figcaption><\/figure>\n\n\n\n<figure class=\"wp-block-image size-large\"><img loading=\"lazy\" width=\"1024\" height=\"768\" src=\"http:\/\/www.virapa.fi\/wp-content\/uploads\/2018\/09\/20160905_115242-1024x768.jpg\" alt=\"Keitti\u00f6 remontti Kiuruvedell\u00e4\" class=\"wp-image-99\" srcset=\"http:\/\/www.virapa.fi\/wp-content\/uploads\/2018\/09\/20160905_115242-1024x768.jpg 1024w, http:\/\/www.virapa.fi\/wp-content\/uploads\/2018\/09\/20160905_115242-300x225.jpg 300w, http:\/\/www.virapa.fi\/wp-content\/uploads\/2018\/09\/20160905_115242-768x576.jpg 768w, http:\/\/www.virapa.fi\/wp-content\/uploads\/2018\/09\/20160905_115242-960x720.jpg 960w\" sizes=\"(max-width: 1024px) 100vw, 1024px\" \/><figcaption>Keitti\u00f6 remontti Kiuruvedell\u00e4<\/figcaption><\/figure>\n\n\n\n<figure class=\"wp-block-image size-large\"><img loading=\"lazy\" width=\"1024\" height=\"768\" src=\"http:\/\/www.virapa.fi\/wp-content\/uploads\/2020\/03\/IMG_20190909_120047-1024x768.jpg\" alt=\"Rappustentekoa Iisalmessa\" class=\"wp-image-184\" srcset=\"http:\/\/www.virapa.fi\/wp-content\/uploads\/2020\/03\/IMG_20190909_120047-1024x768.jpg 1024w, http:\/\/www.virapa.fi\/wp-content\/uploads\/2020\/03\/IMG_20190909_120047-300x225.jpg 300w, http:\/\/www.virapa.fi\/wp-content\/uploads\/2020\/03\/IMG_20190909_120047-768x576.jpg 768w, http:\/\/www.virapa.fi\/wp-content\/uploads\/2020\/03\/IMG_20190909_120047-1536x1152.jpg 1536w, http:\/\/www.virapa.fi\/wp-content\/uploads\/2020\/03\/IMG_20190909_120047-2048x1536.jpg 2048w, http:\/\/www.virapa.fi\/wp-content\/uploads\/2020\/03\/IMG_20190909_120047-960x720.jpg 960w\" sizes=\"(max-width: 1024px) 100vw, 1024px\" \/><figcaption>Rappustentekoa Iisalmessa<\/figcaption><\/figure>\n","protected":false},"excerpt":{"rendered":"<p>Meilt\u00e4 onnistuu niin uudis-, kuin korjausrakentaminen, suoritamme mm. katto-, keitti\u00f6-, sauna-, pesuhuone-, wc-, ja muut huoneistoremontit. Teemme my\u00f6s talon salaojakunnostukset ja uusimiset. My\u00f6s ulkovuorauksen uusimiset, maalaukset sek\u00e4 muut talon tai asunnon ulkopuolen ty\u00f6t mm. rappuset. My\u00f6s ikkunoiden ja ovien vaihtoty\u00f6t.<\/p>\n","protected":false},"author":1,"featured_media":0,"parent":0,"menu_order":0,"comment_status":"closed","ping_status":"closed","template":"","meta":[],"_links":{"self":[{"href":"http:\/\/www.virapa.fi\/index.php?rest_route=\/wp\/v2\/pages\/137"}],"collection":[{"href":"http:\/\/www.virapa.fi\/index.php?rest_route=\/wp\/v2\/pages"}],"about":[{"href":"http:\/\/www.virapa.fi\/index.php?rest_route=\/wp\/v2\/types\/page"}],"author":[{"embeddable":true,"href":"http:\/\/www.virapa.fi\/index.php?rest_route=\/wp\/v2\/users\/1"}],"replies":[{"embeddable":true,"href":"http:\/\/www.virapa.fi\/index.php?rest_route=%2Fwp%2Fv2%2Fcomments&post=137"}],"version-history":[{"count":6,"href":"http:\/\/www.virapa.fi\/index.php?rest_route=\/wp\/v2\/pages\/137\/revisions"}],"predecessor-version":[{"id":185,"href":"http:\/\/www.virapa.fi\/index.php?rest_route=\/wp\/v2\/pages\/137\/revisions\/185"}],"wp:attachment":[{"href":"http:\/\/www.virapa.fi\/index.php?rest_route=%2Fwp%2Fv2%2Fmedia&parent=137"}],"curies":[{"name":"wp","href":"https:\/\/api.w.org\/{rel}","templated":true}]}}